 5
Suppose -4*z + 426 = 3*d, 0 = 2*d + 3*z + 37 - 320. List the prime factors of d.
2, 73
Let r(v) = v - 4. Let m be r(4). Suppose m*z - 39 = -3*z. What are the prime factors of z?
13
Let u(o) = -o**3 + 4*o**2 - o - 3. Let b = 18 + -15. List the prime factors of u(b).
3
Let o(s) = -s**2 + 18*s - 4. List the prime factors of o(7).
73
Let u be (-3)/(3 - 0) + 2. List the prime factors of (-10 + 8)*(u + -7).
2, 3
Let m(j) = -3*j**3 - 3*j**2 - 3*j - 1. List the prime factors of m(-2).
17
Suppose 0 = -5*g - 2*p + 30, 0 = -0*p + 4*p. Suppose 3*t = g*t - 102. What are the prime factors of t?
2, 17
Let z = -8 - -9. List the prime factors of ((-1)/z)/(1/(-9)).
3
Suppose -30 + 165 = 3*x. List the prime factors of x.
3, 5
What are the prime factors of 1029/13 + (-16)/104?
79
Suppose 4 = -n, -3*r - 3*n = -5*r + 168. Suppose 6 = -4*k + r. List the prime factors of k.
2, 3
Let z = 3 - -20. List the prime factors of z.
23
Let r = 1 + -1. What are the prime factors of 0 + -3 + r + 15?
2, 3
Let r = 21 - -3. List the prime factors of r.
2, 3
Suppose -76 - 11 = -3*u. What are the prime factors of (1 + u)/((-2)/(-2))?
2, 3, 5
Suppose 2*s - 10 = -0. Suppose s*v - v - 20 = 0. Let c(h) = 2*h - 3. List the prime factors of c(v).
7
Let v(k) = 2*k - 4*k + 6 + 3*k. Let l be v(-6). What are the prime factors of -1 + 14 + (0 - l)?
13
Suppose -4*i + d = 5, i + 0*i = 4*d - 20. Suppose i = -w + 2*b - 66, -4*w - 165 - 87 = -4*b. List the prime factors of ((-4)/6)/(8/w).
5
Let j = 86 + -51. What are the prime factors of j?
5, 7
List the prime factors of (-2)/((-3)/(-177)*-2).
59
Let n(z) be the second derivative of -z**4/12 - 3*z**3/2 - 3*z**2/2 + 2*z. List the prime factors of n(-6).
3, 5
Let k(s) = -s**2 + 9*s + 6. Suppose -q + 22 = 5*n, 2*q - 51 = -0*q - 3*n. Suppose -j = -4*j + q. List the prime factors of k(j).
2, 3
Let i(u) = u + 60. List the prime factors of i(25).
5, 17
Let y be (0 + 1)*0/5. Suppose y = -3*z + 5*z - 32. List the prime factors of z.
2
Let p(o) = o**2 - 2*o + 2. Let u = -2 + 6. Let y be p(u). Suppose 14 + y = 4*m. List the prime factors of m.
2, 3
Let p = -81 + 141. List the prime factors of p.
2, 3, 5
What are the prime factors of ((-87)/(-6))/((-2)/(-4))?
29
Let w be (-4)/(4/(-3)) + 0. Let l = -5 + 7. Let r = w + l. List the prime factors of r.
5
List the prime factors of (-316)/(-6) - 18/(-54).
53
Suppose -3*f = 2*x - 157 + 29, 0 = -2*f + 3*x + 94. List the prime factors of f.
2, 11
Let t = 6 - -8. Suppose y + 3*f - t = 0, -f = -2*f - 4. What are the prime factors of y?
2, 13
Let n(k) = -k**2 + 4*k - 2. Let m be n(3). What are the prime factors of 16*m*2/4?
2
Let k = 8 + -40. Let y be -1*(-3 + 1) - k. Suppose 4*m + 35 = u, 5*m - 9 = -y. What are the prime factors of u?
3, 5
Let h(r) = -5*r + 1. Let t = 4 + -7. List the prime factors of h(t).
2
Let f(h) = -h**3 + 7*h**2 + 5*h - 20. List the prime factors of f(6).
2, 23
Let b = 1 + -14. Suppose 34 = n + 2. Let c = b + n. What are the prime factors of c?
19
Suppose -5*y = 5 - 55. Suppose 3*m = m + y. Suppose 2*c - 7*g + 3*g = 18, -4*g - 51 = -m*c. List the prime factors of c.
11
Let x be (0 + 4 - 2)*-20. Let g = x - -58. List the prime factors of g.
2, 3
List the prime factors of 3/5 - 462/(-55).
3
Suppose -2*h + 2 - 6 = 0. List the prime factors of (-1 - h)*(-3 + 10).
7
List the prime factors of (-1)/((-4)/548*1).
137
Suppose 5 + 36 = u - 2*p, 4*u = 4*p + 172. What are the prime factors of (-16)/(-10)*u/2?
2, 3
Suppose 4 = -s + 3*s. Let x be 938/21 + s/(-3). Suppose -4*d + x = -0*d. What are the prime factors of d?
11
Let p(l) = 12*l**3 - 6*l**2 + 5*l - 5. What are the prime factors of p(2)?
7, 11
Suppose -15*g + 1222 - 7 = 0. What are the prime factors of g?
3
Let t(o) = 2*o - 1 + 4 - 2 + 19*o**2. Let k be t(-1). Suppose -6 - k = -3*p. What are the prime factors of p?
2
Let n = 18 + -7. Let d = n + -9. List the prime factors of d.
2
Suppose 5*a - 1018 = 4*q, a = -8*q + 3*q + 192. What are the prime factors of a?
2, 101
Let p be 6/36 + (-2)/12. Suppose p*m = 2*m. Suppose -f + m*d + 4*d - 9 = 0, 0 = -3*f + 3*d. What are the prime factors of f?
3
Suppose 2*m = 7*m - 330. What are the prime factors of m?
2, 3, 11
Let o be (-72)/3 + (-1)/1. Let w = 23 + -37. Let i = w - o. What are the prime factors of i?
11
Suppose -5 - 46 = -m. What are the prime factors of m?
3, 17
Let h = 8 + -5. Let i(m) = m**3 - 2*m**2 + 3*m - 1. List the prime factors of i(h).
17
Let j = -24 + 30. What are the prime factors of j?
2, 3
Suppose -3*u = -2*y + 26 - 160, 63 = u + 3*y. Suppose -8 = 4*j, -8 = -5*p - 2*j + u. List the prime factors of p.
2, 3
List the prime factors of (-5628)/(-54) - (-2)/(-9).
2, 13
Let z = 315 + -186. List the prime factors of z.
3, 43
Let d(g) be the third derivative of -5/24*g**4 + 1/3*g**3 + 0 + 0*g + g**2 + 1/60*g**5. What are the prime factors of d(6)?
2
Let a = 6 + -6. Suppose 5*y - 3*h - 147 - 73 = 0, a = -5*y + 4*h + 220. Suppose -4*c = -2*o + y, 3*c - 5*c + 50 = 3*o. What are the prime factors of o?
2, 3
Suppose -5*u = 2*k - 56, -3*k - u + 54 = -30. List the prime factors of k.
2, 7
Suppose -2*i = -2, -i + 14 = -4*l - 3*i. Let z be 3/(-2)*l/3. Suppose z*t - d = 16, -4*d + 40 = 2*t + 3*t. What are the prime factors of t?
2
Let v(j) = 3*j - 2. Let a be v(6). Suppose a + 34 = 5*i. Let y = 17 - i. List the prime factors of y.
7
Let i(h) = h**3 - 14*h**2 + 7*h + 4. What are the prime factors of i(14)?
2, 3, 17
Let w(s) = s**2 - 3*s + 3. Let g be w(3). Suppose 2*t - 2*b - 40 = -2, g*t - 65 = 5*b. List the prime factors of t.
3, 5
Let t = 389 + -230. What are the prime factors of t?
3, 53
Suppose 0 = -2*g + j - 10, 0 = -3*g + 2*g - 5*j - 5. Let x = g + 5. Suppose x = -3*h + 13 + 5. What are the prime factors of h?
2, 3
Let u = 30 - 10. Suppose -u - 10 = -2*z. Suppose -4*b + 9*b - z = 0. What are the prime factors of b?
3
What are the prime factors of 188/20 + 8/(-20)?
3
Let w(l) be the second derivative of -5*l**3/2 - l**2 - 6*l. List the prime factors of w(-2).
2, 7
Let m(b) = -4*b**2 + 5*b. Let q(c) = 4*c**2 - 6*c - 1. Let t(k) = -3*m(k) - 2*q(k). Let s be 21/9 + (-1)/3. List the prime factors of t(s).
2, 3
Suppose 0 = 3*u - 0*u - 3*k + 9, -u - 3 = 5*k. Let l = 6 + u. What are the prime factors of l?
3
Let d(w) = 2*w**2 + 9*w + 11. List the prime factors of d(-8).
67
Let z = -9 + 15. Suppose 0*h = h - z. List the prime factors of h/(-3)*-2 - -2.
2, 3
Suppose -2*q - 5*x = -27, 5*q - x - 130 = -49. Suppose -4*i + 0*y = -3*y - 20, 5*y + q = -2*i. Suppose 0 = -i*j + 3 + 1. What are the prime factors of j?
2
Let a = -2 + 5. Let l = 6 - a. List the prime factors of l.
3
Suppose 0 = 2*p - 3*a, 2*p - 4 - 8 = -3*a. What are the prime factors of p?
3
Suppose -10*u = -2972 - 728. What are the prime factors of u?
2, 5, 37
Let j(d) = 4*d**2 - 3*d + 3. Let r be j(-3). Suppose -4*o - 3*a = -0*a - 50, -3*o + 3*a + r = 0. What are the prime factors of o?
2, 7
Suppose 6*l - 2*l - 204 = 0. List the prime factors of l.
3, 17
Let p = 11 - 7. Suppose 2*s = p*s - 14. List the prime factors of s.
7
Let z = 32 - -11. Suppose 0 = -3*f + 4*f - z. Suppose -5*g + f = o, 4*o = -3*g + 2*o + 23. What are the prime factors of g?
3
Let g(p) = 30 - p**3 + 6*p**2 - 90 + 33 + 31 - 5*p. Let s = -4 + 8. What are the prime factors of g(s)?
2
Let q(x) = -x**3 - 7*x**2 - 9*x - 19. What are the prime factors of q(-9)?
2, 7
Suppose 3*r + 3*w = -1 + 7, 0 = -5*w - 15. Suppose -2*k - r*f + 18 = 0, k - 2 = -5*f + 2. List the prime factors of k.
2, 7
Suppose -8*c + 3*c = 5*r - 210, -r + 5*c + 12 = 0. List the prime factors of r.
37
List the prime factors of (156/2)/(1 + 1).
3, 13
Let p be (0 + 2)*(-2 + 1). Let j(a) = -a**3 + a**2 + a + 1. Let v(u) = -3*u**3 + u**2 + 2*u + 1. Let r(d) = -2*j(d) + v(d). List the prime factors of r(p).
3
Suppose -105 = 3*x + 5*f, 126 = -5*x - 3*f - 49. Let t = x + 49. What are the prime factors of t?
2, 7
Let z = 3 + 1. Suppose 0 = -4*t + 2*d + 2*d + 8, -z*t = 5*d - 44. List the prime factors of t.
2, 3
Let r = -11 - -3. Let u = r - -19. List the prime factors of u.
11
What are the prime factors of 36*((-42)/(-8) + -2 + 1)?
3, 17
Suppose 0 = -4*j - 2*k, -3*k + 20 = -4*j - 0*j. Suppose a - 2*g - g - 4 = 0, -g = -a. List the prime factors of -7*(a - 2/j).
7
Suppose 5*r + 5*x + 10 = x, x + 15 = 5*r. Suppose 2*s - 5*d -